se 15?
1
1d (base 14) to base 9
30
Convert -12 (base 11) to base 12.
-11
What is 33 (base 5) in base 12?
16
What is 19 (base 12) in base 8?
25
-62 (base 8) to base 16
-32
-2 (base 14) to base 2
-10
What is 0 (base 16) in base 14?
0
Convert 2 (base 10) to base 13.
2
Convert 6 (base 10) to base 6.
10
1011000 (base 2) to base 15
5d
-4 (base 13) to base 8
-4
What is -1f (base 16) in base 9?
-34
Convert -a7 (base 12) to base 2.
-1111111
Convert 0 (base 6) to base 8.
0
Convert 59 (base 10) to base 8.
73
451 (base 7) to base 12
174
3a (base 14) to base 10
52
-16 (base 10) to base 2
-10000
7 (base 8) to base 13
7
Convert -100 (base 2) to base 3.
-11
What is 106 (base 11) in base 12?
a7
-1a3 (base 12) to base 10
-267
What is -34 (base 13) in base 6?
-111
Convert -102 (base 3) to base 9.
-12
Convert -112 (base 3) to base 15.
-e
What is 1 (base 11) in base 5?
1
Convert 233 (base 4) to base 11.
43
What is -2 (base 3) in base 6?
-2
229 (base 11) to base 15
133
What is 1 (base 14) in base 12?
1
-1 (base 7) to base 12
-1
Convert 11 (base 5) to base 12.
6
12 (base 16) to base 7
24
21 (base 8) to base 16
11
What is -1001 (base 3) in base 15?
-1d
What is -21 (base 7) in base 11?
-14
-132 (base 4) to base 3
-1010
Convert -44 (base 11) to base 10.
-48
Convert -107 (base 10) to base 2.
-1101011
What is 6 (base 11) in base 2?
110
What is -97 (base 14) in base 8?
-205
Convert 97 (base 16) to base 11.
128
-2 (base 4) to base 16
-2
Convert 5 (base 15) to base 11.
5
-41 (base 9) to base 16
-25
Convert 347 (base 10) to base 8.
533
What is 11 (base 16) in base 2?
10001
What is -12 (base 12) in base 15?
-e
What is 0 (base 16) in base 9?
0
122 (base 3) to base 5
32
Convert 72 (base 9) to base 16.
41
What is e (base 16) in base 9?
15
What is 0 (base 2) in base 13?
0
Convert 3 (base 11) to base 3.
10
3 (base 10) to base 7
3
Convert 6 (base 16) to base 5.
11
Convert 10 (base 9) to base 8.
11
What is 23 (base 13) in base 10?
29
-15 (base 9) to base 13
-11
Convert 124 (base 5) to base 12.
33
Convert 1 (base 9) to base 15.
1
What is a (base 12) in base 5?
20
Convert -2 (base 12) to base 8.
-2
Convert -6 (base 13) to base 11.
-6
-51 (base 10) to base 15
-36
Convert -24 (base 9) to base 6.
-34
Convert -46 (base 7) to base 13.
-28
Convert -165 (base 8) to base 11.
-a7
-12 (base 3) to base 15
-5
What is -61 (base 13) in base 14?
-59
Convert -11 (base 3) to base 4.
-10
What is -502 (base 6) in base 2?
-10110110
What is -4 (base 10) in base 15?
-4
What is -1c (base 13) in base 2?
-11001
Convert -9 (base 15) to base 16.
-9
What is -1 (base 8) in base 16?
-1
Convert 3a (base 12) to base 7.
64
-15 (base 12) to base 5
-32
154 (base 6) to base 14
50
1201 (base 4) to base 16
61
What is -3 (base 5) in base 3?
-10
Convert 304 (base 9) to base 10.
247
Convert 2 (base 14) to base 15.
2
6 (base 15) to base 4
12
What is -302 (base 8) in base 7?
-365
Convert -1 (base 4) to base 12.
-1
What is -141 (base 7) in base 14?
-58
-2 (base 13) to base 4
-2
What is 13 (base 10) in base 2?
1101
Convert -27 (base 16) to base 6.
-103
-3 (base 8) to base 14
-3
What is -143 (base 9) in base 16?
-78
Convert -20 (base 7) to base 15.
-e
Convert -101100 (base 2) to base 15.
-2e
Convert -2a0 (base 11) to base 16.
-160
2 (base 14) to base 7
2
Convert -10101100 (base 2) to base 12.
-124
Convert -77 (base 10) to base 11.
-70
Convert 154 (base 13) to base 15.
10d
What is 83 (base 12) in base 10?
99
Convert -29 (base 12) to base 3.
-1020
What is 33 (base 4) in base 2?
1111
What is 331 (base 4) in base 12?
51
12221 (base 3) to base 14
b6
Convert 1c (base 15) to base 8.
33
Convert -13 (base 4) to base 3.
-21
-84 (base 16) to base 7
-246
Convert -110 (base 2) to base 9.
-6
Convert -33 (base 8) to base 15.
-1c
What is 6 (base 11) in base 13?
6
Convert 10 (base 6) to base 11.
6
-2 (base 9) to base 8
-2
1 (base 10) to base 5
1
-7 (base 9) to base 7
-10
Convert 1 (base 8) to base 9.
1
Convert 132 (base 7) to base 15.
4c
-214 (base 5) to base 6
-135
-1100110 (base 2) to base 6
-250
What is -6 (base 9) in base 7?
-6
What is 11 (base 2) in base 14?
3
59 (base 10) to base 3
2012
5 (base 15) to base 12
5
Convert -2 (base 15) to base 6.
-2
-162 (base 10) to base 16
-a2
18 (base 12) to base 3
202
Convert 102 (base 3) to base 11.
10
What is -16 (base 9) in base 16?
-f
25 (base 12) to base 3
1002
-39 (base 16) to base 2
-111001
What is 7 (base 15) in base 4?
13
-f (base 16) to base 6
-23
1120 (base 4) to base 16
58
Convert 5 (base 10) to base 13.
5
What is -9 (base 12) in base 8?
-11
What is -2030 (base 4) in base 9?
-165
What is 10 (base 6) in base 4?
12
-146 (base 8) to base 15
-6c
2 (base 16) to base 12
2
-6 (base 13) to base 9
-6
150 (base 10) to base 9
176
Convert -10 (base 13) to base 6.
-21
What is 132 (base 6) in base 15?
3b
What is 22 (base 7) in base 2?
10000
What is 33 (base 5) in base 9?
20
What is 0 (base 5) in base 4?
0
Convert 17 (base 9) to base 6.
24
-13 (base 4) to base 13
-7
What is -10 (base 6) in base 9?
-6
-5 (base 15) to base 10
-5
Convert -1 (base 11) to base 6.
-1
Convert -133 (base 5) to base 8.
-53
23 (base 4) to base 6
15
What is 5 (base 12) in base 5?
10
0 (base 2) to base 9
0
-31 (base 13) to base 11
-37
1101011 (base 2) to base 6
255
Convert 15 (base 11) to base 6.
24
-55 (base 7) to base 6
-104
-1 (base 11) to base 9
-1
Convert -1 (base 14) to base 2.
-1
Convert 80 (base 15) to base 7.
231
What is -2 (base 5) in base 14?
-2
What is -2 (base 13) in base 10?
-2
What is 61 (base 14) in base 12?
71
7 (base 8) to base 10
7
50 (base 7) to base 8
43
-1120 (base 5) to base 3
-12221
-10011 (base 2) to base 16
-13
What is -7 (base 10) in base 15?
-7
What is 77 (base 16) in base 15?
7e
Convert 3 (base 9) to base 12.
3
What is 103 (base 6) in base 4?
213
Convert -195 (base 10) to base 6.
-523
What is -2 (base 10) in base 8?
-2
Convert -22 (base 15) to base 4.
-200
What is -1f (base 16) in base 8?
-37
What is -106 (base 11) in base 15?
-87
What is -1242 (base 5) in base 8?
-305
-16 (base 16) to base 10
-22
12 (base 15) to base 9
18
a (base 14) to base 9
11
Convert -340 (base 7) to base 11.
-14a
Convert 11 (base 12) to base 6.
21
-4 (base 14) to base 3
-11
Convert -ac (base 14) to base 15.
-a2
What is 1c (base 15) in base 12?
23
1302 (base 4) to base 11
a4
Convert 0 (base 10) to base 14.
0
Convert -2 (base 13) to base 15.
-2
-114 (base 5) to base 15
-24
Convert 0 (base 2) to base 15.
0
What is -23 (base 9) in base 8?
-25
-5 (base 11) to base 15
-5
-1 (base 7) to base 4
-1
11 (base 3) to base 2
100
What is -16 (base 12) in base 13?
-15
Convert -17 (base 9) to base 13.
-13
Convert -11 (base 7) to base 13.
-8
-274 (base 9) to base 6
-1021
46 (base 14) to base 12
52
What is 6 (base 7) in base 4?
12
-111011 (base 2) to base 12
-4b
What is -1 (base 10) in base 16?
-1
-10 (base 2) to base 10
-2
What is 1 (base 12) in base 14?
1
What is 1011 (base 2) in base 13?
b
-b (base 14) to base 10
-11
1 (base 8) to base 15
1
What is 11 (base 9) in base 11?
a
Convert 7 (base 12) to base 9.
7
Convert -12 (base 4) to base 3.
-20
4 (base 6) to base 4
10
-21 (base 6) to base 5
-23
What is 1101111 (base 2) in base 5?
421
-5 (base 16) to base 15
-5
Convert 3d (base 14) to base 16.
37
Convert 450 (base 6) to base 14.
c6
-1000 (base 2) to base 15
-8
Convert 10 (base 16) to base 11.
15
What is -3 (base 14) in base 15?
-3
Convert -33 (base 7) to base 6.
-40
What is 2 (base 4) in base 8?
2
2 (base 6) to base 7
2
2c (base 14) to base 9
44
Convert 22 (base 7) to base 5.
31
What is 2 (base 13) in base 4?
2
What is 0 (base 4) in base 2?
0
Convert 23 (base 14) to base 2.
11111
-2 (base 8) to base 11
-2
1 (base 16) to base 8
1
Convert -5 (base 6) to base 10.
-5
Convert 4 (base 16) to base 15.
4
What is 17 (base 10) in base 11?
16
Convert -244 (base 6) to base 13.
-79
What is 0 (base 3) in base 9?
0
Convert 1111 (base 4) to base 15.
5a
Convert 102 (base 3) to base 4.
23
226 (base 7) to base 6
314
What is -4 (base 7) in base 4?
-10
Convert -1 (base 8) to base 12.
-1
-5 (base 16) to base 10
-5
Convert -95 (base 12) to base 3.
-11012
What is -4 (base 5) in base 7?
-4
100 (base 4) to base 12
14
10010 (base 2) to base 9
20
What is 26 (base 9) in base 7?
33
Convert 0 (base 12) to base 14.
0
73 (base 15) to base 12
90
-19 (base 12) to base 7
-30
1 (base 12) 